b = 138 - y. Let z = b + -45. List the prime factors of z.
2, 3, 5
What are the prime factors of 3/(-36)*-3999*4 + 5?
2, 3, 223
Suppose -10*c + 1126 + 3304 = 0. List the prime factors of c.
443
Suppose 1 = 4*d - 5*n + 8, 0 = -2*d - 2*n + 10. Suppose -4*p = -4*j + 20, -3*j - p - 3*p = -22. Let g = j - d. What are the prime factors of g?
2
What are the prime factors of 4/(-18) + 41279/63 + -1?
2, 3, 109
Suppose 0 = 2*n - 3*c + 7*c + 72, 0 = -4*n - 5*c - 135. List the prime factors of ((-12)/n)/(1/25).
2, 5
Let m = -7 + 12. Suppose 5 = -r - 2*c, m*r + 3*c = -49 + 10. What are the prime factors of 20 - r/(-6)*-2?
23
Suppose -10*p + 404 = -196. Let k = p - 46. List the prime factors of k.
2, 7
Suppose -3*z + 25 = 2*z. Suppose -2*m + 115 - 17 = 0. Suppose m = x - z*c, 0*x - 2*c + 21 = x. What are the prime factors of x?
29
Suppose 4*l - 2*j - 10 = -0*j, 5*l - 3*j - 10 = 0. Suppose -5*z - 92 + 3 = -2*v, l*z - 59 = -2*v. What are the prime factors of v?
37
Let h = 37 + -19. Let i be 2/((h/(-15))/(-3)). Suppose i*g = 28 + 82. List the prime factors of g.
2, 11
Let n(l) = -l**2 - 5*l + 1. Let v be n(-4). Suppose 32*q - 7*q - 100 = 0. Suppose q*c - v*c + 25 = 0. List the prime factors of c.
5
Let q = 42 + -29. Let f = q + 12. List the prime factors of f.
5
Suppose -10*y + 7113 + 807 = 0. Suppose v = -5*v + y. List the prime factors of v.
2, 3, 11
Let p(l) = 8*l**2 + 21*l - 32. What are the prime factors of p(-16)?
2, 3, 5, 7
Let r be (1 + 0)*(-5 + 5). What are the prime factors of r + 9/(45/10)?
2
Let w be ((-1)/(-1))/((-1)/(-8)). Suppose 3*k = 4 + w. What are the prime factors of ((-40)/(-12))/(k/18)?
3, 5
Let b = -68 + 62. Let u = b - -29. What are the prime factors of u?
23
Suppose v + 3*z - 30 = -12, -3*v - 5*z + 42 = 0. Let y(s) = 0*s - 8 + 2*s + 2*s. What are the prime factors of y(v)?
2, 7
List the prime factors of (-12 - 199)*22*2/(-4).
11, 211
Let t = 3 - 1. Suppose 2*y - 2*m - 6 = t, -6 = -4*y - m. Suppose 92 = 2*f + y*f. What are the prime factors of f?
23
Let b = 6 + -2. Suppose -3*k + b*f = k, 4*f = 8. Let t(p) = 2*p**2 + 2*p - 4. List the prime factors of t(k).
2
Suppose 2*o - 124 = -3*a, -9*a = -7*a + o - 83. List the prime factors of a.
2, 3, 7
Let l be -322 + (1/(-1) - -1). List the prime factors of 4*(l/(-8))/7.
23
Suppose -n - 148 + 147 = 0. List the prime factors of (-4 + 3 - -2)*(-229)/n.
229
Let g(c) = c**2 + 3*c - 5. Let z be (-1 + 0)/((-1)/(-6)). What are the prime factors of g(z)?
13
Let i(s) = 27*s**2 + 5*s. Let a be i(-3). Let b = -152 + a. What are the prime factors of b?
2, 19
Suppose -3*d = d - 8. Suppose -2*f = d*q - 28, 4*q - 2*f - 16 = 2*f. Suppose -195 = -5*j + 4*n, -3*n - 157 = 5*j - q*j. List the prime factors of j.
43
Suppose -2*b + 96 = 34. Let d = -22 + b. What are the prime factors of d?
3
Let y(m) = -m**3 - 2*m**2 + 8*m - 18. Let o be y(-8). Suppose 5*z + 74 = s, -2*s = s + z - o. What are the prime factors of s?
3, 11
Suppose 2*l = 17*t - 19*t + 3436, 0 = 5*t - 2*l - 8604. List the prime factors of t.
2, 5, 43
Let o be 1 + -13 - (-6)/(-4)*2. List the prime factors of 93*(-5)/o - (0 - 1).
2
Suppose y = -2*s + 5*y + 44, 5*y = 4*s - 82. Suppose -4*k = -s - 6. List the prime factors of 15/(-2)*(-4)/k.
5
Let g = 365 - 247. What are the prime factors of g?
2, 59
Suppose 6 = 7*z - 8*z. Let t(a) = 3*a**2 + 6*a - 14. List the prime factors of t(z).
2, 29
Let q be (-3)/(-18) - (0 - (-298)/(-12)). Let b = q - -2. What are the prime factors of b?
3
Suppose -4*y = 4*j - 1012, 4*j - 6*y = -3*y + 1019. List the prime factors of j.
2, 127
Let w(c) = -c + 19. Suppose -b - 3 = 0, -5*b = i + i - 19. Let l be w(i). Suppose l*p + 4*d - 54 = 0, 3*p + 3*d - 103 = 8*d. What are the prime factors of p?
31
Suppose 17*l - 61969 - 19546 = 0. List the prime factors of l.
5, 7, 137
Let h be -3*(-2 - 1/(-3)). Suppose 5*y - 11 = -2*v + 4*y, -5*v + h = -2*y. Suppose v*f - 31 = 26. What are the prime factors of f?
19
Let w be -38*(2 - 5/2). Let b(p) be the third derivative of -p**6/120 + 19*p**5/60 + p**4/12 - p**3 + 22*p**2. List the prime factors of b(w).
2
Let t(m) = m**2 + 16*m - 22. Let u be t(-17). Let g be 96/(-80)*u/2. Suppose 3*z = -z + g*i + 223, 5*i + 129 = 2*z. What are the prime factors of z?
2, 13
List the prime factors of (-6)/81 + (-465521)/(-189).
3, 821
Suppose -5*b + 225 = 50. Suppose a - 13 - b = 0. List the prime factors of a.
2, 3
Let u(s) = s**3 + 16*s**2 + 20*s + 26. List the prime factors of u(-14).
2, 3, 23
Let j(a) = -a**3 - 9*a**2 + 19*a - 31. List the prime factors of j(-11).
2
Suppose -7*y = 2314 - 9664. What are the prime factors of y?
2, 3, 5, 7
Suppose 4*t + 2*s - 8130 + 972 = 0, 0 = -4*t + 4*s + 7164. List the prime factors of t.
2, 5, 179
Let m(k) = 145*k**2 + 20*k + 123. List the prime factors of m(-5).
2, 3, 19
Let f = 28 - 25. Let q(b) be the second derivative of b**4/12 + b**3/2 + 2*b. What are the prime factors of q(f)?
2, 3
Suppose -7*k - 8966 + 30491 = 0. What are the prime factors of k?
3, 5, 41
Let l = -1089 - -2486. What are the prime factors of l?
11, 127
Let c be (-18)/(-15)*(-50)/(-4). List the prime factors of (280/c)/(6/9).
2, 7
Let b(z) = -13*z + 1. Let o be b(-1). Suppose -4025 = -o*s - 1519. What are the prime factors of s?
179
Let b be 1/(((-9)/2)/(-9)). Suppose y + 84 = -3*x - y, -y = b*x + 57. Let w = -27 - x. What are the prime factors of w?
3
Let j = -250 - -146. Let v = j - -178. What are the prime factors of v?
2, 37
Let y(o) = o**3 - o + 1. Let i(q) = 5*q**3 + 7*q**2 + 4*q - 3. Let v(c) = -i(c) + 2*y(c). What are the prime factors of v(-5)?
5, 47
Let j(f) = -f**2 - 69 + 37 - 13*f + 59. What are the prime factors of j(-14)?
13
Suppose 5*u - 3*u + 4*v = 714, 0 = -2*u - 5*v + 712. Suppose 6*j - 203 = u. List the prime factors of j.
2, 47
Let b(h) = -h**2 - 3*h. Let p be b(-2). Suppose 0 = -7*j + p*j + 35. Suppose 2*a = j*a - 90. What are the prime factors of a?
2, 3
Let r(v) = 195*v + 81. List the prime factors of r(3).
2, 3, 37
What are the prime factors of 3 - (7 - 2669) - (2 + -6)?
17, 157
Let g(p) = 9*p - 22. Suppose 0 = -q + 3*r + 5, 3*q - 35 = 3*r - 4*r. What are the prime factors of g(q)?
7, 11
Let k = 2061 - 1049. What are the prime factors of k?
2, 11, 23
Suppose 3*b - 158 - 331 = 0. What are the prime factors of b?
163
Let b = 449 + 100. What are the prime factors of b?
3, 61
Let a = 35 + -32. Suppose -34 = 2*k - a*k. List the prime factors of k.
2, 17
Suppose -4631 + 87224 = 23*h. What are the prime factors of h?
3, 7, 19
Let w be (-8)/(-32) + (-2)/(-8)*23. Let o(s) = 3*s**2 + 2*s + 12. What are the prime factors of o(w)?
2, 3, 11
Let g(y) = 2*y**3 - 3*y**2 + 3*y - 4. Let o be g(2). Suppose -r + 130 = -o*r. Let c = r + 54. List the prime factors of c.
2, 7
Let b = 3246 + -2291. What are the prime factors of b?
5, 191
Suppose 18*x - 1294 = 164. What are the prime factors of x?
3
Suppose -3 = -2*b + 3*b - 2*z, -14 = 3*b - z. List the prime factors of 257 - (b + 2 - -6).
2, 127
Let g = 152 + -86. Let h = 118 - g. List the prime factors of h.
2, 13
Let n(l) = -11*l + 3. Let b be n(-4). Let w = b + -1517. What are the prime factors of w/(-36) - (-2)/12?
41
Let u(z) be the first derivative of -1/2*z**2 + 5*z + 5*z**3 - 1. What are the prime factors of u(2)?
3, 7
Let h = 10 - 6. Let s be h + -8*(-2)/(-4). Suppose 4*p - 106 - 46 = s. List the prime factors of p.
2, 19
List the prime factors of 5 + 6954/19 + (1 - 2).
2, 5, 37
Let p be ((-56)/(-12))/7*6. Suppose 3*m + h + 15 = 7*m, p*h - 20 = 0. Suppose -9*c = -m*c - 108. List the prime factors of c.
3
Suppose -4*q + 6 = 2*f, -3*f - 31 = -3*q - 13. Let g be q - 7 - 1 - 3. List the prime factors of 2/(g/6)*-4.
2, 3
Let m be -1*(12 - -3)/(-3). Suppose 24 = a - 2*o, -2*a + 4*a + m*o = 21. List the prime factors of a.
2, 3
Suppose -3*d = -4*g - 3, 2*g + 2*g = -4*d + 32. List the prime factors of 3/g + (-109)/(-1).
2, 5, 11
Suppose 0*a = 3*t + 4*a - 20, 2*a - 4 = 0. Suppose -3*z = -6*z + 12, 44 = t*w + z. What are the prime factors of -10*((-24)/w - 0)?
2, 3
List the prime factors of (-84805)/(-77) - (-12)/(-33).
3, 367
Let q = 1790 + -1138. List the prime factors of q.
2, 163
Let q be (11394/8)/9 - (-1)/(-4). List the prime factors of (-2)/(-2)*(3 + q).
7, 23
Suppose 3*o = -4*j + 841, 4*j - 5*o = -289 + 1106. What are the prime factors o